{"id":17940,"date":"2026-06-08T12:33:29","date_gmt":"2026-06-08T10:33:29","guid":{"rendered":"https:\/\/ordilu.com\/?post_type=product&#038;p=17940"},"modified":"2026-06-17T20:56:43","modified_gmt":"2026-06-17T18:56:43","slug":"heisse-sohne-mondo-saffiano-oratok-fekete-kek","status":"publish","type":"product","link":"https:\/\/ordilu.com\/hu\/product\/heisse-sohne-watch-case-mondo-saffiano-black-blue\/","title":{"rendered":"Heisse &#038; S\u00f6hne Watch Case Mondo Saffiano &#8211; Black\/Blue"},"content":{"rendered":"<p>A kiv\u00e1l\u00f3 min\u0151s\u00e9g\u0171 b\u0151rb\u0151l k\u00e9sz\u00fclt Mondo \u00f3ratok ide\u00e1lis \u00fatit\u00e1rs form\u00e1j\u00e1nak \u00e9s funkci\u00f3j\u00e1nak k\u00f6sz\u00f6nhet\u0151en. Az \u00f3ra r\u00f6gz\u00edt\u00e9s\u00e9re szolg\u00e1l\u00f3 sz\u00edj a lehet\u0151 legnagyobb k\u00e9nyelmet ny\u00fajtja az \u00f3ra lev\u00e9telekor. A rendelkez\u00e9sre \u00e1ll\u00f3 hely b\u0151r vagy f\u00e9m sz\u00edjas \u00f3r\u00e1knak is alkalmas.<\/p>\n<ul>\n<li><strong>\u00d3raz\u00e1r minim\u00e1lis ker\u00fclete (cm):<\/strong> \u2013<\/li>\n<li><strong>Term\u00e9kt\u00edpus:<\/strong> \u00d3ratok<\/li>\n<li><strong>\u00d3racsat max. ker\u00fclete (cm):<\/strong> 0<\/li>\n<li><strong>Term\u00e9kkateg\u00f3ria:<\/strong> Rel\u00e9ablakok<\/li>\n<li><strong>Sz\u00edncsoport:<\/strong> Black, blue<\/li>\n<li><strong>Anyagok:<\/strong> Poli\u00e9szter<\/li>\n<li><strong>A t\u00e1roland\u00f3 \u00f3r\u00e1k sz\u00e1ma:<\/strong> 1<\/li>\n<li><strong>Sz\u00e1ll\u00edt\u00e1si terjedelem:<\/strong> Cikk<\/li>\n<li><strong>lehets\u00e9ges v\u00e9delme:<\/strong> \u00d3r\u00e1k<\/li>\n<li><strong>Bels\u0151 rekesz:<\/strong> M\u0171b\u0151r<\/li>\n<li><strong>Szintek sz\u00e1ma:<\/strong> 1<\/li>\n<li><strong>\u00d3racsat sz\u00e9less\u00e9ge (cm):<\/strong> \u2013<\/li>\n<li><strong>S\u00faly (kg):<\/strong> 0,146<\/li>\n<li><strong>Magass\u00e1g (cm):<\/strong> 17<\/li>\n<li><strong>Sz\u00e9less\u00e9g (cm):<\/strong> 7,5<\/li>\n<li><strong>M\u00e9lys\u00e9g (cm):<\/strong> 3,3<\/li>\n<\/ul>","protected":false},"excerpt":{"rendered":"<p>A kiv\u00e1l\u00f3 min\u0151s\u00e9g\u0171 b\u0151rb\u0151l k\u00e9sz\u00fclt Mondo \u00f3ratok ide\u00e1lis \u00fatit\u00e1rs form\u00e1j\u00e1nak \u00e9s funkci\u00f3j\u00e1nak k\u00f6sz\u00f6nhet\u0151en. Az \u00f3ra r\u00f6gz\u00edt\u00e9s\u00e9re szolg\u00e1l\u00f3 sz\u00edj a lehet\u0151 legnagyobb k\u00e9nyelmet ny\u00fajtja az \u00f3ra lev\u00e9telekor. A rendelkez\u00e9sre \u00e1ll\u00f3 hely b\u0151r vagy f\u00e9m sz\u00edjas \u00f3r\u00e1knak is alkalmas.<\/p>","protected":false},"featured_media":19012,"template":"","meta":[],"product_brand":[],"product_cat":[983,953],"product_tag":[938],"class_list":["post-17940","product","type-product","status-publish","has-post-thumbnail","product_cat-accessories","product_cat-heisse-sohne","product_tag-watch-case","first","instock","taxable","shipping-taxable","purchasable","product-type-simple"],"_links":{"self":[{"href":"https:\/\/ordilu.com\/hu\/wp-json\/wp\/v2\/product\/17940","targetHints":{"allow":["GET"]}}],"collection":[{"href":"https:\/\/ordilu.com\/hu\/wp-json\/wp\/v2\/product"}],"about":[{"href":"https:\/\/ordilu.com\/hu\/wp-json\/wp\/v2\/types\/product"}],"wp:featuredmedia":[{"embeddable":true,"href":"https:\/\/ordilu.com\/hu\/wp-json\/wp\/v2\/media\/19012"}],"wp:attachment":[{"href":"https:\/\/ordilu.com\/hu\/wp-json\/wp\/v2\/media?parent=17940"}],"wp:term":[{"taxonomy":"product_brand","embeddable":true,"href":"https:\/\/ordilu.com\/hu\/wp-json\/wp\/v2\/product_brand?post=17940"},{"taxonomy":"product_cat","embeddable":true,"href":"https:\/\/ordilu.com\/hu\/wp-json\/wp\/v2\/product_cat?post=17940"},{"taxonomy":"product_tag","embeddable":true,"href":"https:\/\/ordilu.com\/hu\/wp-json\/wp\/v2\/product_tag?post=17940"}],"curies":[{"name":"munkaf\u00fczet","href":"https:\/\/api.w.org\/{rel}","templated":true}]}}

Heisse &#038; Söhne Watch Case Mondo Saffiano &#8211; Black/Blue

<p>A kiváló minőségű bőrből készült Mondo óratok ideális útitárs formájának és funkciójának köszönhetően. Az óra rögzítésére szolgáló szíj a lehető legnagyobb kényelmet nyújtja az óra levételekor. A rendelkezésre álló hely bőr vagy fém szíjas óráknak is alkalmas.</p>
<ul>
<li><strong>Órazár minimális kerülete (cm):</strong> –</li>
<li><strong>Terméktípus:</strong> Óratok</li>
<li><strong>Óracsat max. kerülete (cm):</strong> 0</li>
<li><strong>Termékkategória:</strong> Reléablakok</li>
<li><strong>Színcsoport:</strong> Black, blue</li>
<li><strong>Anyagok:</strong> Poliészter</li>
<li><strong>A tárolandó órák száma:</strong> 1</li>
<li><strong>Szállítási terjedelem:</strong> Cikk</li>
<li><strong>lehetséges védelme:</strong> Órák</li>
<li><strong>Belső rekesz:</strong> Műbőr</li>
<li><strong>Szintek száma:</strong> 1</li>
<li><strong>Óracsat szélessége (cm):</strong> –</li>
<li><strong>Súly (kg):</strong> 0,146</li>
<li><strong>Magasság (cm):</strong> 17</li>
<li><strong>Szélesség (cm):</strong> 7,5</li>
<li><strong>Mélység (cm):</strong> 3,3</li>
</ul>

<p>A kiváló minőségű bőrből készült Mondo óratok ideális útitárs formájának és funkciójának köszönhetően. Az óra rögzítésére szolgáló szíj a lehető legnagyobb kényelmet nyújtja az óra levételekor. A rendelkezésre álló hely bőr vagy fém szíjas óráknak is alkalmas.</p>

munkafüzet
